5*u + 2 = 12. Let a be 4/(u - 111/(-54)). What is the greatest common factor of 9 and a?
9
Let l = -31 + -9. Let v(x) = -x**3 - 2*x**2 + 5*x + 4. Let d be v(-3). Let n be 5/d*32/l. What is the greatest common divisor of 16 and n?
2
Let r = 173 - 103. What is the greatest common divisor of r and 14?
14
Let f = -6 + 37. Suppose -2*r = -3*b + 97, -2*r = 3*r + 10. What is the greatest common factor of b and f?
31
Suppose n - 6 = -2. Suppose 0 = -n*b - 5 + 49. What is the greatest common divisor of 22 and b?
11
Let w(b) = -b - 10. Let t be w(-14). Calculate the highest common factor of t and 4.
4
Let u = 3 + 0. Let j = -17 + 17. Suppose 0 = -3*c + v + 7 + 9, -4*c + u*v + 28 = j. What is the greatest common divisor of 32 and c?
4
Suppose -3*d + 24 = 3*n, 0*d - 5*d = -n + 20. What is the greatest common divisor of n and 10?
10
Let l(g) = 10*g - 4. Suppose -24 = d - 5*d. Let f be l(d). Suppose -8 = -3*a + 2*a. Calculate the highest common factor of a and f.
8
Let y(s) = 3*s**2 + 10*s + 1. Let w be y(-9). Let n be (-4)/8 - (-1)/2. Suppose n = 4*u - 68 + 12. What is the highest common factor of u and w?
14
Suppose 2*z + 4*b - 5 = 43, -b - 69 = -4*z. Let r be 2/3 - (2 - (-110)/(-15)). Calculate the highest common divisor of z and r.
6
Let j(f) = -4*f. Let c be j(3). Let y be 90/c*24/(-5). Calculate the highest common divisor of 24 and y.
12
Let a(q) = 2*q - 4. Let g be a(3). Suppose 5*j - g*l = 173, 0*j = -2*j + 4*l + 66. What is the highest common factor of 14 and j?
7
Let f = 19 + -129. Let j = -149 - -311. Let d = j + f. What is the highest common divisor of 13 and d?
13
Suppose -3*v - 1 = -4. Suppose -2*g + 3*p - v = -2, 4*g + 3*p = 47. Calculate the greatest common divisor of 8 and g.
8
Let n = 212 - 41. Calculate the greatest common divisor of n and 19.
19
Let d(o) = -33*o - 22. Let i be d(-4). What is the greatest common divisor of 10 and i?
10
Let x be (3/4)/(3/144). Let b be 30/10 - 1*-1. What is the highest common divisor of x and b?
4
Let a = 157 - 341. Let x = -128 - a. What is the highest common divisor of x and 7?
7
Suppose -2*h + 4 = -0*h + 2*r, 6 = 3*r. Suppose 4*b - 15 = -3. Suppose 10 = 5*f - 5*q, h = -4*f - q + b. What is the greatest common factor of f and 11?
1
Let a = -18 - -36. Let i(g) = 4*g**2 + 6*g. Let w be i(-7). Suppose -2*k = -x + w, 0 = 5*x + k - 390 - 424. What is the greatest common factor of x and a?
18
Suppose 2*m - 15 = -3*m. Suppose 85 = m*b - 35. Calculate the greatest common divisor of 5 and b.
5
Suppose -5*z = -3*n + 59, -25 = -2*z - 3*z. Suppose -5*k - n = -13, -4*a + 2*k = -162. Suppose 0 = -t + a. What is the greatest common factor of 26 and t?
13
Suppose r = 6*r - 20. Let y(d) = 8*d - 6. Let u be y(r). What is the greatest common divisor of u and 39?
13
Suppose -4*y + y + 114 = 0. What is the greatest common factor of 57 and y?
19
Suppose -a = 3*g + 2*a - 9, 4*a - 4 = -2*g. Suppose -g*n + 26 = -3*n. What is the highest common divisor of n and 182?
26
Suppose -5*n + 5*l = -45, l + 1 = n + 4*l. Let m = 39 + -18. Calculate the greatest common divisor of m and n.
7
Let l = 159 - 137. Let t(r) = r**3 + 31. Let g be t(0). Let j = g + 79. Calculate the greatest common factor of l and j.
22
Let f be -4 - -4 - (-2)/2. Calculate the highest common divisor of f and 9.
1
Let l = 1 - 0. Suppose -11 = -5*v - l. Suppose v*c + c = 9. Calculate the greatest common factor of 24 and c.
3
Let i = -7 - -10. Suppose 4 = -i*h - 4*t + 8, 4*t = -8. What is the highest common divisor of 36 and h?
4
Suppose 0 = -0*v + 4*v. Suppose v*w + 3 = -w. Let r be w/((-1)/14*2). Calculate the greatest common divisor of 7 and r.
7
Let l = 2 - -1. Suppose -l*a + 40 + 185 = 0. What is the highest common divisor of a and 15?
15
Let g = -19 + 61. Suppose t = 130 - g. Calculate the greatest common divisor of t and 11.
11
Let y(k) = 3*k**3 - k**2 + 4*k - 3. Let z be y(2). Suppose -2*c = 5*v - z, 3*v - c - 10 = v. What is the highest common factor of v and 20?
5
Suppose -2*o + 6 = 2. Suppose 0 = j - 5*j. Let w = 4 - j. What is the highest common divisor of o and w?
2
Let r = 4 + 41. Let b be 7 + -7 - (-8 + -1). Calculate the highest common divisor of b and r.
9
Let q(c) be the first derivative of c**3/3 + 5*c**2/2 + 5*c + 1. Let i be q(-4). Let l be (-2 + i)*-1*7. Calculate the highest common divisor of 35 and l.
7
Let q(w) = -4*w - 7. Let v = 6 - 12. Let c be q(v). Suppose 3*g - 93 = 111. What is the highest common divisor of g and c?
17
Suppose 0 = p + 28 - 135. Let a be p/7 - (-2)/(-7). Suppose 3*s + 81 = f, -5*f + 3*s + 362 + 19 = 0. Calculate the highest common factor of f and a.
15
Let q = 3 - 1. Suppose -q*t + 555 = t. Suppose t = 5*u + 5. Calculate the highest common divisor of u and 12.
12
Suppose -3*q = 4*f - 272, 2*q + f - 210 = -37. What is the highest common factor of q and 12?
12
Suppose p + 5 = 1. Let t(n) = 2*n**2 + 2*n. Let v be t(p). Calculate the highest common factor of 60 and v.
12
Let t = -3 - 1. Let v(x) = -3*x. Let l be v(t). Let g(n) = n**3 - 6*n**2 + 10*n - 17. Let i be g(5). What is the highest common divisor of i and l?
4
Let u(k) = 3*k + 1. Let c be u(1). What is the highest common factor of c and 12?
4
Let u = 132 - 90. Suppose -5*s = -3*k - 27, -3*k = 2*s + k + 10. Suppose -s*x + 12 = -x. Calculate the greatest common divisor of x and u.
6
Let d = 72 + 40. Calculate the highest common factor of d and 16.
16
Suppose -4*g = -19 + 3. Suppose 5*y - 4*j + 3*j - 89 = 0, -g*y + 56 = 3*j. Suppose 47 = m + 2*k, 0*k - 4*k = 8. Calculate the highest common divisor of y and m.
17
Let p = 20 + -6. Let b(q) = -97*q**3 + 2*q**2 - 1. Let f be b(-1). What is the greatest common factor of p and f?
14
Let y be 33*1/(12/32). What is the highest common factor of 8 and y?
8
Suppose 9*n = 13*n - 420. Calculate the greatest common factor of 21 and n.
21
Let x(a) = 8*a**2 - 2*a - 1. Let v be x(-1). Let p be v + (1 + -2)*0. Let u = -17 + 53. What is the highest common divisor of p and u?
9
Let t be ((-15)/(-10) + -1)*(-1 - -103). Calculate the highest common factor of t and 51.
51
Suppose 0 = u - 2*b - 69, 84 = u - 0*u - 5*b. Let r be u + 0 + (-4 - -5). Let z(k) = k**2 + 12. Let j be z(0). Calculate the highest common divisor of r and j.
12
Let f = 119 - 115. Calculate the highest common factor of f and 16.
4
Let a be 35/(-14)*(-8 + 0). Suppose 2*k - 8 = -0*k. What is the highest common divisor of a and k?
4
Let w = 47 + -23. Calculate the greatest common factor of w and 168.
24
Let m be (-4)/(-3) + (-1)/3. Let s be (-84)/(-9) - m/3. What is the highest common factor of 45 and s?
9
Suppose -14 = -4*l + 10. Let n(s) = -s**2 + 9*s - 8. Let y be n(l). Let x = -13 + 83. What is the highest common divisor of x and y?
10
Let i(f) = 3*f - 3. Let o be i(12). Calculate the highest common factor of o and 99.
33
Suppose 0 = z - 6*z - 140. Suppose -q - 4*l - 8 = l, -2*l = -5*q - 40. Let x = q - z. Calculate the greatest common divisor of x and 5.
5
Suppose -2*q = -2*w + 26, 3*w - 3*q = 2*w + 11. Let l be (-3)/(-3) - 3*-23. What is the greatest common divisor of w and l?
14
Let c(w) = w. Let q be c(0). Suppose -5*l + 29 + 31 = q. What is the greatest common factor of l and 18?
6
Let f = -11 + 16. Suppose -f*i = -i. Suppose 2*m - 5*a - 70 = i, 3*m = -m + 5*a + 160. What is the highest common divisor of m and 30?
15
Let b(p) = -14*p + 1. Let u be b(-1). What is the highest common divisor of 75 and u?
15
Let d = 33 + -29. Let b be 3*(-20)/(-48)*d. What is the highest common divisor of b and 25?
5
Let g = 35 - 24. Let z be (11/4)/((-2)/(-16)). What is the highest common divisor of z and g?
11
Suppose 0 = -3*o - o + 968. Let q be o/8 + 1/(-4). Calculate the greatest common divisor of 20 and q.
10
Let w(y) = 2*y**2 - y. Let x be w(-2). Suppose -m - 3*m = -88. Let v = -7 + m. What is the highest common divisor of v and x?
5
Suppose 0 = 6*k - 9*k + 75. Suppose -k = -2*j - 3*j. Calculate the greatest common divisor of 40 and j.
5
Let o = 4 - -25. Let d be (o - 0)/(-1)*-2. Let l = d - 9. Calculate the highest common divisor of l and 7.
7
Let g(r) = -r**3 + 4*r**2 + 2*r - 4. Let x be g(4). Suppose -x*i - 6 - 2 = 0. Let k = 10 + i. Calculate the highest common divisor of 12 and k.
4
Let l = 1 - -119. Calculate the greatest common factor of l and 15.
15
Let j be (20/(-16)